{"id":607,"date":"2023-02-18T10:04:58","date_gmt":"2023-02-18T09:04:58","guid":{"rendered":"https:\/\/mboudry.fr\/epssm65wp\/?page_id=607"},"modified":"2023-02-18T10:04:58","modified_gmt":"2023-02-18T09:04:58","slug":"lettre-n","status":"publish","type":"page","link":"https:\/\/mboudry.fr\/epssm65\/le-site-epssm-65\/dictionnaire-du-navalais\/lettre-n\/","title":{"rendered":"Lettre  N"},"content":{"rendered":"<style>#sp-ea-577 .spcollapsing { height: 0; overflow: hidden; transition-property: height;transition-duration: 300ms;}#sp-ea-577.sp-easy-accordion>.sp-ea-single {margin-bottom: 10px; border: 1px solid #e2e2e2; }#sp-ea-577.sp-easy-accordion>.sp-ea-single>.ea-header a {color: #444;}#sp-ea-577.sp-easy-accordion>.sp-ea-single>.sp-collapse>.ea-body {background: #fff; color: #444;}#sp-ea-577.sp-easy-accordion>.sp-ea-single {background: #eee;}#sp-ea-577.sp-easy-accordion>.sp-ea-single>.ea-header a .ea-expand-icon { float: left; color: #444;font-size: 16px;}<\/style><div id=\"sp_easy_accordion-1776742489\"><div id=\"sp-ea-577\" class=\"sp-ea-one sp-easy-accordion\" data-ea-active=\"ea-click\" data-ea-mode=\"vertical\" data-preloader=\"\" data-scroll-active-item=\"\" data-offset-to-scroll=\"0\"><div class=\"ea-card sp-ea-single\"><h3 class=\"ea-header\"><a class=\"collapsed\" id=\"ea-header-5770\" role=\"button\" data-sptoggle=\"spcollapse\" data-sptarget=\"#collapse5770\" aria-controls=\"collapse5770\" href=\"#\" aria-expanded=\"false\" tabindex=\"0\"><i aria-hidden=\"true\" role=\"presentation\" class=\"ea-expand-icon eap-icon-ea-expand-plus\"><\/i> Notre lettre<\/a><\/h3><div class=\"sp-collapse spcollapse spcollapse\" id=\"collapse5770\" data-parent=\"#sp-ea-577\" role=\"region\" aria-labelledby=\"ea-header-5770\"> <div class=\"ea-body\"><p>Le bulletin de liaison r\u00e9alis\u00e9 par les navalais et \u00e9dit\u00e9 par la bo\u00fcterie. C\u2019\u00e9tait le lien indispensable entre les \u00e9l\u00e8ves \u00e0 la bo\u00eete et leurs Anciens partis porter la science au pays des Bantous. Les vieux exemplaires de Notre lettre sont des pi\u00e8ces de collection et des \u00e9l\u00e9ments de m\u00e9moire irrempla\u00e7ables. A \u00e9t\u00e9 transform\u00e9, apr\u00e8s la fermeture de l\u2019\u00c9cole, en site internet : notre lettre. com<\/p><\/div><\/div><\/div><\/div><\/div>\n","protected":false},"excerpt":{"rendered":"","protected":false},"author":1,"featured_media":0,"parent":46,"menu_order":0,"comment_status":"closed","ping_status":"closed","template":"","meta":{"om_disable_all_campaigns":false,"_monsterinsights_skip_tracking":false,"_monsterinsights_sitenote_active":false,"_monsterinsights_sitenote_note":"","_monsterinsights_sitenote_category":0,"footnotes":""},"class_list":["post-607","page","type-page","status-publish"],"_links":{"self":[{"href":"https:\/\/mboudry.fr\/epssm65\/wp-json\/wp\/v2\/pages\/607","targetHints":{"allow":["GET"]}}],"collection":[{"href":"https:\/\/mboudry.fr\/epssm65\/wp-json\/wp\/v2\/pages"}],"about":[{"href":"https:\/\/mboudry.fr\/epssm65\/wp-json\/wp\/v2\/types\/page"}],"author":[{"embeddable":true,"href":"https:\/\/mboudry.fr\/epssm65\/wp-json\/wp\/v2\/users\/1"}],"replies":[{"embeddable":true,"href":"https:\/\/mboudry.fr\/epssm65\/wp-json\/wp\/v2\/comments?post=607"}],"version-history":[{"count":0,"href":"https:\/\/mboudry.fr\/epssm65\/wp-json\/wp\/v2\/pages\/607\/revisions"}],"up":[{"embeddable":true,"href":"https:\/\/mboudry.fr\/epssm65\/wp-json\/wp\/v2\/pages\/46"}],"wp:attachment":[{"href":"https:\/\/mboudry.fr\/epssm65\/wp-json\/wp\/v2\/media?parent=607"}],"curies":[{"name":"wp","href":"https:\/\/api.w.org\/{rel}","templated":true}]}}