{"id":609,"date":"2023-02-18T09:59:37","date_gmt":"2023-02-18T08:59:37","guid":{"rendered":"https:\/\/mboudry.fr\/epssm65wp\/?page_id=609"},"modified":"2023-02-18T09:59:37","modified_gmt":"2023-02-18T08:59:37","slug":"lettre-d","status":"publish","type":"page","link":"https:\/\/mboudry.fr\/epssm65\/le-site-epssm-65\/dictionnaire-du-navalais\/lettre-d\/","title":{"rendered":"Lettre  D"},"content":{"rendered":"<style>#sp-ea-594 .spcollapsing { height: 0; overflow: hidden; transition-property: height;transition-duration: 300ms;}#sp-ea-594.sp-easy-accordion>.sp-ea-single {margin-bottom: 10px; border: 1px solid #e2e2e2; }#sp-ea-594.sp-easy-accordion>.sp-ea-single>.ea-header a {color: #444;}#sp-ea-594.sp-easy-accordion>.sp-ea-single>.sp-collapse>.ea-body {background: #fff; color: #444;}#sp-ea-594.sp-easy-accordion>.sp-ea-single {background: #eee;}#sp-ea-594.sp-easy-accordion>.sp-ea-single>.ea-header a .ea-expand-icon { float: left; color: #444;font-size: 16px;}<\/style><div id=\"sp_easy_accordion-1776742496\"><div id=\"sp-ea-594\" class=\"sp-ea-one sp-easy-accordion\" data-ea-active=\"ea-click\" data-ea-mode=\"vertical\" data-preloader=\"\" data-scroll-active-item=\"\" data-offset-to-scroll=\"0\"><div class=\"ea-card sp-ea-single\"><h3 class=\"ea-header\"><a class=\"collapsed\" id=\"ea-header-5940\" role=\"button\" data-sptoggle=\"spcollapse\" data-sptarget=\"#collapse5940\" aria-controls=\"collapse5940\" href=\"#\" aria-expanded=\"false\" tabindex=\"0\"><i aria-hidden=\"true\" role=\"presentation\" class=\"ea-expand-icon eap-icon-ea-expand-plus\"><\/i> Dormoy (Place)<\/a><\/h3><div class=\"sp-collapse spcollapse spcollapse\" id=\"collapse5940\" data-parent=\"#sp-ea-594\" role=\"region\" aria-labelledby=\"ea-header-5940\"> <div class=\"ea-body\"><p>Espace arbor\u00e9 situ\u00e9 derri\u00e8re le b\u00e2timent Ferbos, toujours occup\u00e9 par un certain nombre de Dormoysiens, joueurs de p\u00e9tanque plus ou moins sympathiques et dont le langage fleuri avait un peu trop tendance \u00e0 accuser les navalais occupant les carr\u00e9es donnant sur la place d\u2019avoir des pratiques sexuelles particuli\u00e8res (enc\u2026 navalais, av\u00e9 l\u2019accent de B\u00e8gles). Quelques beaux pugilats se sont d\u00e9roul\u00e9s sur cette place lorsque le conflit venait \u00e0 s\u2019ext\u00e9rioriser : Apr\u00e8s pr\u00e9paration aux bombes \u00e0 eau, l\u2019envoi de troupes au sol pouvait s\u2019av\u00e9rer indispensable, les f\u00e9murs de la salle d\u2019anat ayant m\u00eame parfois servi d\u2019armes d\u2019estoc.<\/p><\/div><\/div><\/div><div class=\"ea-card sp-ea-single\"><h3 class=\"ea-header\"><a class=\"collapsed\" id=\"ea-header-5941\" role=\"button\" data-sptoggle=\"spcollapse\" data-sptarget=\"#collapse5941\" aria-controls=\"collapse5941\" href=\"#\" aria-expanded=\"false\" tabindex=\"0\"><i aria-hidden=\"true\" role=\"presentation\" class=\"ea-expand-icon eap-icon-ea-expand-plus\"><\/i> <\/a><\/h3><div class=\"sp-collapse spcollapse spcollapse\" id=\"collapse5941\" data-parent=\"#sp-ea-594\" role=\"region\" aria-labelledby=\"ea-header-5941\"> <div class=\"ea-body\">No Content<\/div><\/div><\/div><\/div><\/div>\n","protected":false},"excerpt":{"rendered":"","protected":false},"author":1,"featured_media":0,"parent":46,"menu_order":0,"comment_status":"closed","ping_status":"closed","template":"","meta":{"om_disable_all_campaigns":false,"_monsterinsights_skip_tracking":false,"_monsterinsights_sitenote_active":false,"_monsterinsights_sitenote_note":"","_monsterinsights_sitenote_category":0,"footnotes":""},"class_list":["post-609","page","type-page","status-publish"],"_links":{"self":[{"href":"https:\/\/mboudry.fr\/epssm65\/wp-json\/wp\/v2\/pages\/609","targetHints":{"allow":["GET"]}}],"collection":[{"href":"https:\/\/mboudry.fr\/epssm65\/wp-json\/wp\/v2\/pages"}],"about":[{"href":"https:\/\/mboudry.fr\/epssm65\/wp-json\/wp\/v2\/types\/page"}],"author":[{"embeddable":true,"href":"https:\/\/mboudry.fr\/epssm65\/wp-json\/wp\/v2\/users\/1"}],"replies":[{"embeddable":true,"href":"https:\/\/mboudry.fr\/epssm65\/wp-json\/wp\/v2\/comments?post=609"}],"version-history":[{"count":0,"href":"https:\/\/mboudry.fr\/epssm65\/wp-json\/wp\/v2\/pages\/609\/revisions"}],"up":[{"embeddable":true,"href":"https:\/\/mboudry.fr\/epssm65\/wp-json\/wp\/v2\/pages\/46"}],"wp:attachment":[{"href":"https:\/\/mboudry.fr\/epssm65\/wp-json\/wp\/v2\/media?parent=609"}],"curies":[{"name":"wp","href":"https:\/\/api.w.org\/{rel}","templated":true}]}}