{"id":615,"date":"2023-02-18T10:10:05","date_gmt":"2023-02-18T09:10:05","guid":{"rendered":"https:\/\/mboudry.fr\/epssm65wp\/?page_id=615"},"modified":"2023-02-18T10:10:05","modified_gmt":"2023-02-18T09:10:05","slug":"lettre-u","status":"publish","type":"page","link":"https:\/\/mboudry.fr\/epssm65\/le-site-epssm-65\/dictionnaire-du-navalais\/lettre-u\/","title":{"rendered":"Lettre  U"},"content":{"rendered":"<style>#sp-ea-583 .spcollapsing { height: 0; overflow: hidden; transition-property: height;transition-duration: 300ms;}#sp-ea-583.sp-easy-accordion>.sp-ea-single {margin-bottom: 10px; border: 1px solid #e2e2e2; }#sp-ea-583.sp-easy-accordion>.sp-ea-single>.ea-header a {color: #444;}#sp-ea-583.sp-easy-accordion>.sp-ea-single>.sp-collapse>.ea-body {background: #fff; color: #444;}#sp-ea-583.sp-easy-accordion>.sp-ea-single {background: #eee;}#sp-ea-583.sp-easy-accordion>.sp-ea-single>.ea-header a .ea-expand-icon { float: left; color: #444;font-size: 16px;}<\/style><div id=\"sp_easy_accordion-1776742495\"><div id=\"sp-ea-583\" class=\"sp-ea-one sp-easy-accordion\" data-ea-active=\"ea-click\" data-ea-mode=\"vertical\" data-preloader=\"\" data-scroll-active-item=\"\" data-offset-to-scroll=\"0\"><div class=\"ea-card sp-ea-single\"><h3 class=\"ea-header\"><a class=\"collapsed\" id=\"ea-header-5830\" role=\"button\" data-sptoggle=\"spcollapse\" data-sptarget=\"#collapse5830\" aria-controls=\"collapse5830\" href=\"#\" aria-expanded=\"false\" tabindex=\"0\"><i aria-hidden=\"true\" role=\"presentation\" class=\"ea-expand-icon eap-icon-ea-expand-plus\"><\/i> Unif<\/a><\/h3><div class=\"sp-collapse spcollapse spcollapse\" id=\"collapse5830\" data-parent=\"#sp-ea-583\" role=\"region\" aria-labelledby=\"ea-header-5830\"> <div class=\"ea-body\"><p>Abr\u00e9viation d\u2019uniforme. Notre beau costume crois\u00e9 \u00e0 8 boutons dor\u00e9s avec ancre de marine : bleu l\u2019hiver et blanc, voire kaki, l\u2019\u00e9t\u00e9 (avant la fusion). Remplac\u00e9 par un unif unique, bleu marine quand m\u00eame, avec boutons \u00e0 caduc\u00e9e, commun aux \u00c9coleService de Sant\u00e9 des Arm\u00e9ess de Lyon et Bordeaux et \u00e0 tous les officiers du Service de Sant\u00e9. Dans tous les cas, galonnage sur les manches, bord\u00e9 de velours \u00ab cramoisi \u00bb pour les m\u00e9decins et \u00ab vert \u00e9meraude \u00bb pour les pharmaciens.<\/p><\/div><\/div><\/div><\/div><\/div>\n","protected":false},"excerpt":{"rendered":"","protected":false},"author":1,"featured_media":0,"parent":46,"menu_order":0,"comment_status":"closed","ping_status":"closed","template":"","meta":{"om_disable_all_campaigns":false,"_monsterinsights_skip_tracking":false,"_monsterinsights_sitenote_active":false,"_monsterinsights_sitenote_note":"","_monsterinsights_sitenote_category":0,"footnotes":""},"class_list":["post-615","page","type-page","status-publish"],"_links":{"self":[{"href":"https:\/\/mboudry.fr\/epssm65\/wp-json\/wp\/v2\/pages\/615","targetHints":{"allow":["GET"]}}],"collection":[{"href":"https:\/\/mboudry.fr\/epssm65\/wp-json\/wp\/v2\/pages"}],"about":[{"href":"https:\/\/mboudry.fr\/epssm65\/wp-json\/wp\/v2\/types\/page"}],"author":[{"embeddable":true,"href":"https:\/\/mboudry.fr\/epssm65\/wp-json\/wp\/v2\/users\/1"}],"replies":[{"embeddable":true,"href":"https:\/\/mboudry.fr\/epssm65\/wp-json\/wp\/v2\/comments?post=615"}],"version-history":[{"count":0,"href":"https:\/\/mboudry.fr\/epssm65\/wp-json\/wp\/v2\/pages\/615\/revisions"}],"up":[{"embeddable":true,"href":"https:\/\/mboudry.fr\/epssm65\/wp-json\/wp\/v2\/pages\/46"}],"wp:attachment":[{"href":"https:\/\/mboudry.fr\/epssm65\/wp-json\/wp\/v2\/media?parent=615"}],"curies":[{"name":"wp","href":"https:\/\/api.w.org\/{rel}","templated":true}]}}