{"id":618,"date":"2023-02-18T10:03:48","date_gmt":"2023-02-18T09:03:48","guid":{"rendered":"https:\/\/mboudry.fr\/epssm65wp\/?page_id=618"},"modified":"2023-02-18T10:03:48","modified_gmt":"2023-02-18T09:03:48","slug":"lettre-l","status":"publish","type":"page","link":"https:\/\/mboudry.fr\/epssm65\/le-site-epssm-65\/dictionnaire-du-navalais\/lettre-l\/","title":{"rendered":"Lettre  L"},"content":{"rendered":"<style>#sp-ea-578 .spcollapsing { height: 0; overflow: hidden; transition-property: height;transition-duration: 300ms;}#sp-ea-578.sp-easy-accordion>.sp-ea-single {margin-bottom: 10px; border: 1px solid #e2e2e2; }#sp-ea-578.sp-easy-accordion>.sp-ea-single>.ea-header a {color: #444;}#sp-ea-578.sp-easy-accordion>.sp-ea-single>.sp-collapse>.ea-body {background: #fff; color: #444;}#sp-ea-578.sp-easy-accordion>.sp-ea-single {background: #eee;}#sp-ea-578.sp-easy-accordion>.sp-ea-single>.ea-header a .ea-expand-icon { float: left; color: #444;font-size: 16px;}<\/style><div id=\"sp_easy_accordion-1776742489\"><div id=\"sp-ea-578\" class=\"sp-ea-one sp-easy-accordion\" data-ea-active=\"ea-click\" data-ea-mode=\"vertical\" data-preloader=\"\" data-scroll-active-item=\"\" data-offset-to-scroll=\"0\"><div class=\"ea-card sp-ea-single\"><h3 class=\"ea-header\"><a class=\"collapsed\" id=\"ea-header-5780\" role=\"button\" data-sptoggle=\"spcollapse\" data-sptarget=\"#collapse5780\" aria-controls=\"collapse5780\" href=\"#\" aria-expanded=\"false\" tabindex=\"0\"><i aria-hidden=\"true\" role=\"presentation\" class=\"ea-expand-icon eap-icon-ea-expand-plus\"><\/i> Lacarin<\/a><\/h3><div class=\"sp-collapse spcollapse spcollapse\" id=\"collapse5780\" data-parent=\"#sp-ea-578\" role=\"region\" aria-labelledby=\"ea-header-5780\"> <div class=\"ea-body\"><p>Photographe bordelais ayant pratiquement l\u2019exclusivit\u00e9 des c\u00e9r\u00e9monies de l\u2019\u00c9cole. Il est charg\u00e9 d\u2019immortaliser sur papier argentique les navalais en uniforme, individuellement et en groupe pour la l\u00e9gendaire et indispensable photo de promo.<\/p><\/div><\/div><\/div><div class=\"ea-card sp-ea-single\"><h3 class=\"ea-header\"><a class=\"collapsed\" id=\"ea-header-5781\" role=\"button\" data-sptoggle=\"spcollapse\" data-sptarget=\"#collapse5781\" aria-controls=\"collapse5781\" href=\"#\" aria-expanded=\"false\" tabindex=\"0\"><i aria-hidden=\"true\" role=\"presentation\" class=\"ea-expand-icon eap-icon-ea-expand-plus\"><\/i> L\u00e2cher des fauves<\/a><\/h3><div class=\"sp-collapse spcollapse spcollapse\" id=\"collapse5781\" data-parent=\"#sp-ea-578\" role=\"region\" aria-labelledby=\"ea-header-5781\"> <div class=\"ea-body\"><p>C\u00e9r\u00e9monie traditionnelle tr\u00e8s anxiog\u00e8ne pour les f\u0153tus, se d\u00e9roulant en fin d\u2019apr\u00e8s-midi de la premi\u00e8re journ\u00e9e des brimades. Les f\u0153tus sont \u00e0 genou dans la cour, encore en civil, et les anciens arrivent doucement sur eux en vocif\u00e9rant (\u00e7a va chier f\u0153tus !!!) accompagn\u00e9s par la c\u00e9l\u00e8bre musique d\u2019enterrement (St James Infirmary Blues) de Louis Armstrong. A l\u2019issue un certain nombre d\u2019individus \u00e9taient traduits devant le conseil de guerre.<\/p><\/div><\/div><\/div><div class=\"ea-card sp-ea-single\"><h3 class=\"ea-header\"><a class=\"collapsed\" id=\"ea-header-5782\" role=\"button\" data-sptoggle=\"spcollapse\" data-sptarget=\"#collapse5782\" aria-controls=\"collapse5782\" href=\"#\" aria-expanded=\"false\" tabindex=\"0\"><i aria-hidden=\"true\" role=\"presentation\" class=\"ea-expand-icon eap-icon-ea-expand-plus\"><\/i> Lait fraise<\/a><\/h3><div class=\"sp-collapse spcollapse spcollapse\" id=\"collapse5782\" data-parent=\"#sp-ea-578\" role=\"region\" aria-labelledby=\"ea-header-5782\"> <div class=\"ea-body\"><p>Boisson non alcoolis\u00e9e favorite du navalais au cercle. D\u00e9d\u00e9 et Jojo poss\u00e9daient le secret du dosage du sirop de fraise et du lait. Etait en g\u00e9n\u00e9ral accompagn\u00e9 d\u2019une ou deux chocolatines, surtout pour ceux qu\u2019un sommeil trop profond ou un coucher trop tardif avait priv\u00e9s de l\u2019excellent petit-d\u00e9jeuner propos\u00e9 par le self.<\/p><\/div><\/div><\/div><div class=\"ea-card sp-ea-single\"><h3 class=\"ea-header\"><a class=\"collapsed\" id=\"ea-header-5783\" role=\"button\" data-sptoggle=\"spcollapse\" data-sptarget=\"#collapse5783\" aria-controls=\"collapse5783\" href=\"#\" aria-expanded=\"false\" tabindex=\"0\"><i aria-hidden=\"true\" role=\"presentation\" class=\"ea-expand-icon eap-icon-ea-expand-plus\"><\/i> Le Longchamp <\/a><\/h3><div class=\"sp-collapse spcollapse spcollapse\" id=\"collapse5783\" data-parent=\"#sp-ea-578\" role=\"region\" aria-labelledby=\"ea-header-5783\"> <div class=\"ea-body\"><p>Bar du Cours de la Marne, pr\u00e8s de l\u2019\u00c9cole tenu par Jo et son \u00e9pouse Maria. Il est fr\u00e9quent\u00e9 par plusieurs navalais fid\u00e8les qui prolongent ici les heures d\u2019ouvertures du cercle et qui y retrouvent des \u00e9tudiantes des Beaux-Arts voisins. Flipper, belote, Yam, br\u00e8ves de comptoir, font passer le temps sous l\u2019\u0153il amus\u00e9 et bienveillant de Maria qui alimente parfois gentiment ses clients.<\/p><\/div><\/div><\/div><div class=\"ea-card sp-ea-single\"><h3 class=\"ea-header\"><a class=\"collapsed\" id=\"ea-header-5784\" role=\"button\" data-sptoggle=\"spcollapse\" data-sptarget=\"#collapse5784\" aria-controls=\"collapse5784\" href=\"#\" aria-expanded=\"false\" tabindex=\"0\"><i aria-hidden=\"true\" role=\"presentation\" class=\"ea-expand-icon eap-icon-ea-expand-plus\"><\/i> Lingerie <\/a><\/h3><div class=\"sp-collapse spcollapse spcollapse\" id=\"collapse5784\" data-parent=\"#sp-ea-578\" role=\"region\" aria-labelledby=\"ea-header-5784\"> <div class=\"ea-body\"><p>Repaire de boumesses ou le navalais donne son linge sale\u2026 et lieu de pr\u00e9dilection de certains fayots c\u00e9libataires g\u00e9ographiques.<\/p><\/div><\/div><\/div><\/div><\/div>\n","protected":false},"excerpt":{"rendered":"","protected":false},"author":1,"featured_media":0,"parent":46,"menu_order":0,"comment_status":"closed","ping_status":"closed","template":"","meta":{"om_disable_all_campaigns":false,"_monsterinsights_skip_tracking":false,"_monsterinsights_sitenote_active":false,"_monsterinsights_sitenote_note":"","_monsterinsights_sitenote_category":0,"footnotes":""},"class_list":["post-618","page","type-page","status-publish"],"_links":{"self":[{"href":"https:\/\/mboudry.fr\/epssm65\/wp-json\/wp\/v2\/pages\/618","targetHints":{"allow":["GET"]}}],"collection":[{"href":"https:\/\/mboudry.fr\/epssm65\/wp-json\/wp\/v2\/pages"}],"about":[{"href":"https:\/\/mboudry.fr\/epssm65\/wp-json\/wp\/v2\/types\/page"}],"author":[{"embeddable":true,"href":"https:\/\/mboudry.fr\/epssm65\/wp-json\/wp\/v2\/users\/1"}],"replies":[{"embeddable":true,"href":"https:\/\/mboudry.fr\/epssm65\/wp-json\/wp\/v2\/comments?post=618"}],"version-history":[{"count":0,"href":"https:\/\/mboudry.fr\/epssm65\/wp-json\/wp\/v2\/pages\/618\/revisions"}],"up":[{"embeddable":true,"href":"https:\/\/mboudry.fr\/epssm65\/wp-json\/wp\/v2\/pages\/46"}],"wp:attachment":[{"href":"https:\/\/mboudry.fr\/epssm65\/wp-json\/wp\/v2\/media?parent=618"}],"curies":[{"name":"wp","href":"https:\/\/api.w.org\/{rel}","templated":true}]}}