{"id":87,"date":"2020-10-12T16:50:59","date_gmt":"2020-10-12T14:50:59","guid":{"rendered":"https:\/\/mboudry.fr\/epssm65wp\/?page_id=87"},"modified":"2020-10-12T16:50:59","modified_gmt":"2020-10-12T14:50:59","slug":"les-flux-rss","status":"publish","type":"page","link":"https:\/\/mboudry.fr\/epssm65\/le-site-epssm-65\/mode-demploi\/les-flux-rss\/","title":{"rendered":"Les flux RSS"},"content":{"rendered":"<p>Qu&rsquo;est-ce que le format RSS ?<\/p>\n<p>Flux RSS<\/p>\n<p>RSS (Really Simple Syndication) est un format de description de donn\u00e9es qui facilite la diffusion de fils d\u2019informations, de fa\u00e7on automatis\u00e9e, \u00e0 l\u2019intention des internautes, et qui favorise la syndication de contenus en permettant \u00e0 d\u2019autres sites de republier facilement tout ou partie de ces donn\u00e9es.<\/p>\n<p>Gr\u00e2ce \u00e0 ce format, vous n\u2019avez plus besoin de consulter un par un vos sites pr\u00e9f\u00e9r\u00e9s pour \u00eatre inform\u00e9 de leurs nouveaut\u00e9s : il suffit d\u2019ins\u00e9rer leur fil d\u2019informations RSS dans un logiciel compatible pour avoir toutes vos sources d\u2019informations agr\u00e9g\u00e9es sur un seul \u00e9cran !<\/p>\n<p>Ainsi, en r\u00e9cup\u00e9rant les fils d\u2019informations du site de la FFAMH, vous pouvez afficher sur votre ordinateur les derni\u00e8res actualit\u00e9s publi\u00e9es sur notre site, sans pour autant avoir \u00e0 vous connecter sur notre page d\u2019accueil.<br \/>\n Comment acc\u00e9der aux flux RSS ?<\/p>\n<p>Flux RSS<\/p>\n<p>Il existe plusieurs moyens d\u2019acc\u00e9der, depuis votre ordinateur, aux fils d\u2019informations publi\u00e9s par le site Epssm65.<br \/>\nVous pouvez :<\/p>\n<p>    utiliser votre logiciel de messagerie et profiter de ces informations en m\u00eame temps que vous consultez vos e-mails,<br \/>\n    utiliser votre navigateur Web et afficher les diff\u00e9rents flux d\u2019informations sous forme d\u2019une page d\u2019accueil,<br \/>\n    utiliser un logiciel sp\u00e9cialis\u00e9 dans l\u2019agr\u00e9gation de fils d\u2019informations RSS, \u00e9galement connu sous le nom de lecteur RSS ou encore d\u2019agr\u00e9gateur d\u2019actualit\u00e9s,<br \/>\n    ou encore profiter de ces fils d\u2019informations sur votre Smartphone, un Palm ou un Pocket PC connect\u00e9 en Bluetooth \u00e0 un mobile en GRPS.<\/p>\n<p>Quelle que soit la formule retenue, il vous faudra inscrire dans le logiciel utilis\u00e9 l\u2019adresse URL de chaque flux d\u2019informations que vous souhaitez r\u00e9cup\u00e9rer. Une op\u00e9ration tr\u00e8s simple, qui se r\u00e9sume souvent \u00e0 un clic de souris.<\/p>\n<p>En effet, la plupart des sites diffusant des fils d\u2019informations affichent une petite ic\u00f4ne sur leurs pages de type RSS ou XML, ic\u00f4ne sur laquelle il suffit de cliquer pour que le fil d\u2019informations soit automatiquement reconnu par votre logiciel et ajout\u00e9 \u00e0 votre agr\u00e9gation de contenus.<br \/>\n Les flux RSS du site Epssm65<\/p>\n<p>Flux RSS<\/p>\n<p>Flux de \u00ab Tout le site Epssm65 \u00bb<br \/>\n&#8230; Cliquez ICI<\/p>\n<p>Flux RSS<\/p>\n<p>Flux de Annuaires Promo 1965<br \/>\n&#8230; Cliquez ICI<\/p>\n<p>Flux RSS<\/p>\n<p>Flux de Trombinoscopes Promo 1965<br \/>\n&#8230; Cliquez ICI<\/p>\n<p>Flux RSS<\/p>\n<p>Flux de Nos parcours professionnels<br \/>\n&#8230; Cliquez ICI<\/p>\n<p>Flux RSS<\/p>\n<p>Flux de Nos v\u00e9cus<br \/>\n&#8230; Cliquez ICI<\/p>\n<p>Flux RSS<\/p>\n<p>Flux de Le site \u00ab Epssm65 \u00bb<br \/>\n&#8230; Cliquez ICI<\/p>\n<p>Flux RSS<\/p>\n<p>Flux de Nos rencontres<br \/>\n&#8230; Cliquez ICI<\/p>\n<p>Flux RSS<\/p>\n<p>Flux de Votre espace personnel<br \/>\n&#8230; Cliquez ICI<\/p>\n<p>Flux RSS<\/p>\n<p>Flux de Secteur sp\u00e9cialis\u00e9 SarkaSPIP3<br \/>\n&#8230; Cliquez ICI<\/p>\n<p>Flux RSS<\/p>\n<p>T\u00e9l\u00e9charger la page comportant tous les flux RRS du site Epssm65 en format en .html<br \/>\n&#8230; Cliquez ICI<br \/>\nAttention : Certains flux ne sont visibles que pour certains utilisateurs (identifiant et mot de passe n\u00e9cessaires)<\/p>\n","protected":false},"excerpt":{"rendered":"<p>Qu&rsquo;est-ce que le format RSS ? Flux RSS RSS (Really Simple Syndication) est un format de description de donn\u00e9es qui facilite la diffusion de fils d\u2019informations, de fa\u00e7on automatis\u00e9e, \u00e0 l\u2019intention des internautes, et qui favorise la syndication de contenus en permettant \u00e0 d\u2019autres sites de republier facilement tout ou partie de ces donn\u00e9es. Gr\u00e2ce &#8230; <a title=\"Les flux RSS\" class=\"read-more\" href=\"https:\/\/mboudry.fr\/epssm65\/le-site-epssm-65\/mode-demploi\/les-flux-rss\/\" aria-label=\"En savoir plus sur Les flux RSS\">Lire la suite<\/a><\/p>\n","protected":false},"author":1,"featured_media":0,"parent":42,"menu_order":11,"comment_status":"closed","ping_status":"closed","template":"","meta":{"om_disable_all_campaigns":false,"_monsterinsights_skip_tracking":false,"_monsterinsights_sitenote_active":false,"_monsterinsights_sitenote_note":"","_monsterinsights_sitenote_category":0,"footnotes":""},"class_list":["post-87","page","type-page","status-publish"],"_links":{"self":[{"href":"https:\/\/mboudry.fr\/epssm65\/wp-json\/wp\/v2\/pages\/87","targetHints":{"allow":["GET"]}}],"collection":[{"href":"https:\/\/mboudry.fr\/epssm65\/wp-json\/wp\/v2\/pages"}],"about":[{"href":"https:\/\/mboudry.fr\/epssm65\/wp-json\/wp\/v2\/types\/page"}],"author":[{"embeddable":true,"href":"https:\/\/mboudry.fr\/epssm65\/wp-json\/wp\/v2\/users\/1"}],"replies":[{"embeddable":true,"href":"https:\/\/mboudry.fr\/epssm65\/wp-json\/wp\/v2\/comments?post=87"}],"version-history":[{"count":0,"href":"https:\/\/mboudry.fr\/epssm65\/wp-json\/wp\/v2\/pages\/87\/revisions"}],"up":[{"embeddable":true,"href":"https:\/\/mboudry.fr\/epssm65\/wp-json\/wp\/v2\/pages\/42"}],"wp:attachment":[{"href":"https:\/\/mboudry.fr\/epssm65\/wp-json\/wp\/v2\/media?parent=87"}],"curies":[{"name":"wp","href":"https:\/\/api.w.org\/{rel}","templated":true}]}}