{"id":37,"date":"2014-11-29T15:03:54","date_gmt":"2014-11-29T14:03:54","guid":{"rendered":"http:\/\/mboudry.wordpress.com\/?page_id=37"},"modified":"2025-04-17T17:05:45","modified_gmt":"2025-04-17T15:05:45","slug":"echantillons","status":"publish","type":"page","link":"https:\/\/mboudry.fr\/these\/experimentation-du-sn13\/echantillons\/","title":{"rendered":"\u00c9chantillons"},"content":{"rendered":"<h2><strong>Le Barb-Wire :<\/strong><\/h2>\n<p>Il est repr\u00e9sent\u00e9 par le SN 13 des laboratoires ETHICON ETHNOR S.A., 8, rue de Bellini, 75782 PARIS CEDEX 16.<\/p>\n<p>Nous avons choisi, au hasard, dans l&rsquo;envoi des laboratoires ETHICON, cinq SN 13.<\/p>\n<h2><strong>Les Tendons :<\/strong><\/h2>\n<p>Ce sont des tendons pr\u00e9lev\u00e9s \u00e0 la suite d&rsquo;une amputation de cuisse \u00e0 vis\u00e9e carcinologique (ost\u00e9osarcome) chez un jeune enfant.<\/p>\n<p>Ces tendons sont de types vari\u00e9s :<br \/>\n&#8211; jonction musculo-tendineuse<br \/>\n&#8211; extenseurs<br \/>\n&#8211; fl\u00e9chisseurs<br \/>\n&#8211; jambiers<br \/>\n&#8211; p\u00e9roniers lat\u00e9raux<br \/>\n&#8211; tendon d&rsquo;Achille<\/p>\n<p>Ils ont \u00e9t\u00e9 pr\u00e9lev\u00e9s de suite apr\u00e8s l&rsquo;amputation, et conserv\u00e9s trois semaines dans le CIALIT \u00e0 4\u00b0 C, sans autres pr\u00e9cautions.<\/p>\n<hr \/>\n<p>&nbsp;<\/p>\n<p><a title=\"Mat\u00e9riel et M\u00e9thodes\" href=\"https:\/\/mboudry.fr\/thesewp\/experimentation-du-sn13\/materiel-et-methodes\/\">Page suivante<\/a><br \/>\n<a title=\"Exp\u00e9rimentation du SN13 G\u00e9n\u00e9ralit\u00e9s\" href=\"https:\/\/mboudry.fr\/thesewp\/experimentation-du-sn13\/experimentation-du-sn13-generalites\/\">Page pr\u00e9c\u00e9dente<\/a><\/p>\n<p><a title=\"Plan\" href=\"https:\/\/mboudry.fr\/thesewp\/plan\/\">Plan<\/a><\/p>\n","protected":false},"excerpt":{"rendered":"<p>Le Barb-Wire : Il est repr\u00e9sent\u00e9 par le SN 13 des laboratoires ETHICON ETHNOR S.A., 8, rue de Bellini, 75782 PARIS CEDEX 16. Nous avons choisi, au hasard, dans l&rsquo;envoi des laboratoires ETHICON, cinq SN 13. Les Tendons : Ce sont des tendons pr\u00e9lev\u00e9s \u00e0 la suite d&rsquo;une amputation de cuisse \u00e0 vis\u00e9e carcinologique (ost\u00e9osarcome) &hellip; <a href=\"https:\/\/mboudry.fr\/these\/experimentation-du-sn13\/echantillons\/\" class=\"more-link\">Continuer la lecture de <span class=\"screen-reader-text\">\u00c9chantillons<\/span>  <span class=\"meta-nav\">&rarr;<\/span><\/a><\/p>\n","protected":false},"author":1,"featured_media":0,"parent":13,"menu_order":3,"comment_status":"open","ping_status":"open","template":"page-templates\/full-width.php","meta":{"om_disable_all_campaigns":false,"_monsterinsights_skip_tracking":false,"_monsterinsights_sitenote_active":false,"_monsterinsights_sitenote_note":"","_monsterinsights_sitenote_category":0,"footnotes":""},"class_list":["post-37","page","type-page","status-publish","hentry"],"aioseo_notices":[],"_links":{"self":[{"href":"https:\/\/mboudry.fr\/these\/wp-json\/wp\/v2\/pages\/37","targetHints":{"allow":["GET"]}}],"collection":[{"href":"https:\/\/mboudry.fr\/these\/wp-json\/wp\/v2\/pages"}],"about":[{"href":"https:\/\/mboudry.fr\/these\/wp-json\/wp\/v2\/types\/page"}],"author":[{"embeddable":true,"href":"https:\/\/mboudry.fr\/these\/wp-json\/wp\/v2\/users\/1"}],"replies":[{"embeddable":true,"href":"https:\/\/mboudry.fr\/these\/wp-json\/wp\/v2\/comments?post=37"}],"version-history":[{"count":1,"href":"https:\/\/mboudry.fr\/these\/wp-json\/wp\/v2\/pages\/37\/revisions"}],"predecessor-version":[{"id":836,"href":"https:\/\/mboudry.fr\/these\/wp-json\/wp\/v2\/pages\/37\/revisions\/836"}],"up":[{"embeddable":true,"href":"https:\/\/mboudry.fr\/these\/wp-json\/wp\/v2\/pages\/13"}],"wp:attachment":[{"href":"https:\/\/mboudry.fr\/these\/wp-json\/wp\/v2\/media?parent=37"}],"curies":[{"name":"wp","href":"https:\/\/api.w.org\/{rel}","templated":true}]}}