{"id":93,"date":"2014-11-29T15:24:08","date_gmt":"2014-11-29T14:24:08","guid":{"rendered":"http:\/\/mboudry.wordpress.com\/?page_id=93"},"modified":"2024-04-07T20:01:17","modified_gmt":"2024-04-07T20:01:17","slug":"imprimatur","status":"publish","type":"page","link":"https:\/\/mboudry.fr\/thesewp\/imprimatur\/","title":{"rendered":"Imprimatur"},"content":{"rendered":"<h2><strong>Bon \u00e0 imprimer<\/strong><\/h2>\n<p>&#8211; Le Pr\u00e9sident de th\u00e8se<br \/>\nR. GENESTE<\/p>\n<p><strong>Vu,<\/strong><br \/>\n&#8211; Le Pr\u00e9sident de l&rsquo;Universit\u00e9 de BORDEAUX II<br \/>\nH. BRICAUD<\/p>\n<p><strong>Vu,<\/strong><br \/>\n&#8211; Le Chancelier des Universit\u00e9s de BORDEAUX<br \/>\nR. PAULIAN<\/p>\n<p>&nbsp;<\/p>\n<h3><strong>Cette th\u00e8se pour le Doctorat en M\u00e9decine, pr\u00e9sent\u00e9e et soutenue publiquement \u00e0 l&rsquo;Universit\u00e9 de Bordeaux II,\u00a0 le 26 novembre 1973, a obtenue la mention :<br \/>\n<\/strong><strong><br \/>\n\u00a0\u00bb Tr\u00e8s Honorable avec \u00c9changes avec les Facult\u00e9s \u00e9trang\u00e8res\u00a0\u00bb<\/strong><\/h3>\n<p>&nbsp;<\/p>\n<p>Voir la <a title=\"Couverture\" href=\"https:\/\/mboudry.fr\/thesewp\/couverture\/\">Couverture de la th\u00e8se<\/a><\/p>\n","protected":false},"excerpt":{"rendered":"<p>Bon \u00e0 imprimer &#8211; Le Pr\u00e9sident de th\u00e8se R. GENESTE Vu, &#8211; Le Pr\u00e9sident de l&rsquo;Universit\u00e9 de BORDEAUX II H. BRICAUD Vu, &#8211; Le Chancelier des Universit\u00e9s de BORDEAUX R. PAULIAN &nbsp; Cette th\u00e8se pour le Doctorat en M\u00e9decine, pr\u00e9sent\u00e9e et soutenue publiquement \u00e0 l&rsquo;Universit\u00e9 de Bordeaux II,\u00a0 le 26 novembre 1973, a obtenue la &hellip; <a href=\"https:\/\/mboudry.fr\/thesewp\/imprimatur\/\" class=\"more-link\">Continuer la lecture de <span class=\"screen-reader-text\">Imprimatur<\/span>  <span class=\"meta-nav\">&rarr;<\/span><\/a><\/p>\n","protected":false},"author":1,"featured_media":0,"parent":0,"menu_order":0,"comment_status":"open","ping_status":"open","template":"","meta":{"om_disable_all_campaigns":false,"_monsterinsights_skip_tracking":false,"_monsterinsights_sitenote_active":false,"_monsterinsights_sitenote_note":"","_monsterinsights_sitenote_category":0,"_uf_show_specific_survey":0,"_uf_disable_surveys":false,"footnotes":""},"class_list":["post-93","page","type-page","status-publish","hentry"],"aioseo_notices":[],"_links":{"self":[{"href":"https:\/\/mboudry.fr\/thesewp\/wp-json\/wp\/v2\/pages\/93","targetHints":{"allow":["GET"]}}],"collection":[{"href":"https:\/\/mboudry.fr\/thesewp\/wp-json\/wp\/v2\/pages"}],"about":[{"href":"https:\/\/mboudry.fr\/thesewp\/wp-json\/wp\/v2\/types\/page"}],"author":[{"embeddable":true,"href":"https:\/\/mboudry.fr\/thesewp\/wp-json\/wp\/v2\/users\/1"}],"replies":[{"embeddable":true,"href":"https:\/\/mboudry.fr\/thesewp\/wp-json\/wp\/v2\/comments?post=93"}],"version-history":[{"count":5,"href":"https:\/\/mboudry.fr\/thesewp\/wp-json\/wp\/v2\/pages\/93\/revisions"}],"predecessor-version":[{"id":837,"href":"https:\/\/mboudry.fr\/thesewp\/wp-json\/wp\/v2\/pages\/93\/revisions\/837"}],"wp:attachment":[{"href":"https:\/\/mboudry.fr\/thesewp\/wp-json\/wp\/v2\/media?parent=93"}],"curies":[{"name":"wp","href":"https:\/\/api.w.org\/{rel}","templated":true}]}}