{"id":13,"date":"2014-11-29T14:55:57","date_gmt":"2014-11-29T13:55:57","guid":{"rendered":"http:\/\/mboudry.wordpress.com\/?page_id=13"},"modified":"2019-08-18T10:44:58","modified_gmt":"2019-08-18T08:44:58","slug":"experimentation-du-sn13","status":"publish","type":"page","link":"https:\/\/mboudry.fr\/thesewp2\/experimentation-du-sn13\/","title":{"rendered":"Exp\u00e9rimentation du SN 13"},"content":{"rendered":"<p><a title=\"G\u00e9n\u00e9ralit\u00e9s\" href=\"http:\/\/mboudry.fr\/thesewp2\/experimentation-du-sn13\/generalites\/\"><strong>G\u00e9n\u00e9ralit\u00e9s<\/strong><\/a><br \/>\n<a title=\"Echantillon\" href=\"http:\/\/mboudry.fr\/thesewp2\/experimentation-du-sn13\/echantillon\/\"><strong>\u00c9chantillon<\/strong><\/a><br \/>\n<a title=\"Mat\u00e9riel et M\u00e9thodes\" href=\"http:\/\/mboudry.fr\/thesewp2\/experimentation-du-sn13\/materiel-et-methodes\/\"><strong>Mat\u00e9riel et M\u00e9thodes<\/strong><\/a><br \/>\n<a title=\"R\u00e9sultats\" href=\"http:\/\/mboudry.fr\/thesewp2\/experimentation-du-sn13\/resultats\/\"><strong>R\u00e9sultats<\/strong><\/a><br \/>\n<a title=\"Discussion\" href=\"http:\/\/mboudry.fr\/thesewp2\/experimentation-du-sn13\/discussion\/\"><strong>Discussion<\/strong><\/a><\/p>\n<p><a title=\"G\u00e9n\u00e9ralit\u00e9s\" href=\"https:\/\/mboudry.fr\/thesewp2\/experimentation-du-sn13\/generalites\/\">Page suivante<\/a><br \/>\n<a title=\"Emploi du SN 13 : D\u00e9pose\" href=\"https:\/\/mboudry.fr\/thesewp2\/emploi-du-sn13\/emploi-du-sn-13-depose\/\">Page pr\u00e9c\u00e9dente<\/a><br \/>\n<a title=\"Plan\" href=\"http:\/\/mboudry.fr\/thesewp\/?page_id=27\">Plan du document<\/a><\/p>\n","protected":false},"excerpt":{"rendered":"<p>G\u00e9n\u00e9ralit\u00e9s \u00c9chantillon Mat\u00e9riel et M\u00e9thodes R\u00e9sultats Discussion Page suivante Page pr\u00e9c\u00e9dente Plan du document<\/p>\n","protected":false},"author":1,"featured_media":0,"parent":0,"menu_order":0,"comment_status":"open","ping_status":"open","template":"","meta":{"footnotes":""},"class_list":["post-13","page","type-page","status-publish","hentry"],"_links":{"self":[{"href":"https:\/\/mboudry.fr\/thesewp2\/wp-json\/wp\/v2\/pages\/13","targetHints":{"allow":["GET"]}}],"collection":[{"href":"https:\/\/mboudry.fr\/thesewp2\/wp-json\/wp\/v2\/pages"}],"about":[{"href":"https:\/\/mboudry.fr\/thesewp2\/wp-json\/wp\/v2\/types\/page"}],"author":[{"embeddable":true,"href":"https:\/\/mboudry.fr\/thesewp2\/wp-json\/wp\/v2\/users\/1"}],"replies":[{"embeddable":true,"href":"https:\/\/mboudry.fr\/thesewp2\/wp-json\/wp\/v2\/comments?post=13"}],"version-history":[{"count":3,"href":"https:\/\/mboudry.fr\/thesewp2\/wp-json\/wp\/v2\/pages\/13\/revisions"}],"predecessor-version":[{"id":430,"href":"https:\/\/mboudry.fr\/thesewp2\/wp-json\/wp\/v2\/pages\/13\/revisions\/430"}],"wp:attachment":[{"href":"https:\/\/mboudry.fr\/thesewp2\/wp-json\/wp\/v2\/media?parent=13"}],"curies":[{"name":"wp","href":"https:\/\/api.w.org\/{rel}","templated":true}]}}