{"id":33,"date":"2014-11-29T15:02:17","date_gmt":"2014-11-29T14:02:17","guid":{"rendered":"http:\/\/mboudry.wordpress.com\/?page_id=33"},"modified":"2019-08-18T19:34:06","modified_gmt":"2019-08-18T17:34:06","slug":"dedicace","status":"publish","type":"page","link":"https:\/\/mboudry.fr\/thesewp2\/dedicace-2\/dedicace\/","title":{"rendered":"D\u00e9dicace"},"content":{"rendered":"<hr \/>\n<p>\u00e0 ma femme Joal<br \/>\n\u00e0 ma fille Emmanuelle<br \/>\n\u00e0 ma fille Caroline<\/p>\n<hr \/>\n<p>\u00e0 ma M\u00e8re<br \/>\n\u00e0 mon P\u00e8re<br \/>\n\u00e0 ma Soeur<br \/>\n\u00e0 mes Beaux-parents<br \/>\n\u00e0 nos deux Familles<\/p>\n<hr \/>\n<p>\u00e0 mes Camarades d&rsquo;\u00e9tudes<br \/>\n\u00e0 mes Amis<\/p>\n<hr \/>\n<p>\u00e0 Monsieur S. LHOMME<\/p>\n<p><em>vous avez permis, en mettant \u00e0 notre disposition les moyens mat\u00e9riels, l&rsquo;impression de cette th\u00e8se.<\/em><\/p>\n<p><em>veuillez trouver ici l&rsquo;expression de notre sinc\u00e8re gratitude.<\/em><\/p>\n<p>\u00e0 Madame GUENODEN<\/p>\n<p><em>qui a su garder le sourire pour effectuer la dactylographie d&rsquo;un travail fastidieux.<\/em><\/p>\n<hr \/>\n<p>au Docteur D. BONDEELE<\/p>\n<p><em>il a affermi mon attrait pour la M\u00e9decine<\/em><\/p>\n<p>\u00e0 l&rsquo;H\u00f4pital de NOYON<\/p>\n<ul>\n<li>au Docteur M. GRABOIS<\/li>\n<li>au Docteur M. SCHEER<\/li>\n<li>au Docteur J.P. THIOLLET<\/li>\n<li>aux S\u0153urs de la Communaut\u00e9 de Saint Thomas de Villeneuve<\/li>\n<\/ul>\n<p><em>ils m&rsquo;ont initi\u00e9 \u00e0 la pratique de la M\u00e9decine.<\/em><\/p>\n<p>au Docteur J.P. CHASSAIGNE<\/p>\n<p><em>\u00e0 votre c\u00f4t\u00e9 nous avons d\u00e9couvert toutes les qualit\u00e9s qu&rsquo;impose la pratique de la Chirurgie,<\/em><\/p>\n<p><em>nous essayerons de suivre l&rsquo;exemple que vous nous avez journellement donn\u00e9.<\/em><\/p>\n<hr \/>\n<p>\u00e0 nos Ma\u00eetres de la Facult\u00e9<\/p>\n<p>\u00e0 nos Chefs de Services<\/p>\n<ul>\n<li>BORDEAUX :\n<ul>\n<li>Professeur GILLARDEAU, Professeur POUYANNE, Professeur CASTAING<\/li>\n<li>Professeur SOURREIL, Professeur BEYLOT<\/li>\n<li>Professeur MARTIN_DUPONT, Professeur WON\u00c9<\/li>\n<li>Professeur TINGAUD, Professeur JANVIER<\/li>\n<\/ul>\n<\/li>\n<\/ul>\n<ul>\n<li>TOULON :\n<ul>\n<li>M\u00e9decin en Chef de 1er Classe LESTAGE\n<ul>\n<li>Directeur de l&rsquo;H\u00f4pital d&rsquo;Instruction des Arm\u00e9es Sainte Anne<\/li>\n<li>Chevalier de la L\u00e9gion d&rsquo;Honneur<\/li>\n<\/ul>\n<\/li>\n<\/ul>\n<\/li>\n<\/ul>\n<ul style=\"margin-left: 40px;\">\n<li>M\u00e9decin en Chef de 2\u00e8me Classe POUP\u00c9E\n<ul>\n<li>Chevalier de l&rsquo;Ordre National du M\u00e9rite<\/li>\n<li>Chevalier de la L\u00e9gion d&rsquo;Honneur<\/li>\n<li>Chirurgien des Arm\u00e9es<\/li>\n<li>Professeur Agr\u00e9g\u00e9 des H\u00f4pitaux des Arm\u00e9es<\/li>\n<li>Chef des Services Chirurgicaux de l&rsquo;H\u00f4pital d&rsquo;Instruction des Arm\u00e9es Sainte Anne<\/li>\n<\/ul>\n<\/li>\n<\/ul>\n<p>&nbsp;<\/p>\n<p><em>Hommages respectueux<\/em><\/p>\n<hr \/>\n<p>\u00e0 Monsieur Le M\u00e9decin G\u00e9n\u00e9ral de 2\u00e8me Classe CURET<\/p>\n<ul>\n<li>Directeur de l&rsquo;\u00c9cole du Service de Sant\u00e9 des Arm\u00e9es de BORDEAUX<\/li>\n<li>Sp\u00e9cialiste des H\u00f4pitaux des Arm\u00e9es<\/li>\n<li>Officier de la L\u00e9gion d&rsquo;Honneur<\/li>\n<li>Officier de l&rsquo;Ordre National du M\u00e9rite<\/li>\n<li>Croix de Guerre 1939-1945<\/li>\n<\/ul>\n<p>&nbsp;<\/p>\n<p>\u00e0 Monsieur Le M\u00e9decin en Chef de 1er Classe GAVARINO<\/p>\n<ul>\n<li>Sous-Directeur de l&rsquo;\u00c9cole du Service de Sant\u00e9 des Arm\u00e9es de BORDEAUX<\/li>\n<li>Sp\u00e9cialiste des H\u00f4pitaux des Arm\u00e9es<\/li>\n<li>Chevalier de la L\u00e9gion d&rsquo;Honneur<\/li>\n<li>Chevalier de l&rsquo;Ordre National du M\u00e9rite<\/li>\n<li>Croix de la Valeur Militaire<\/li>\n<\/ul>\n<hr \/>\n<p>au Professeur J.C. POUP\u00c9E<\/p>\n<ul>\n<li>Chirurgien des H\u00f4pitaux des Arm\u00e9es<\/li>\n<li>Professeur Agr\u00e9g\u00e9 des H\u00f4pitaux des Arm\u00e9es<\/li>\n<\/ul>\n<p><em>vous avez bien voulu nous confier le sujet de cette th\u00e8se, nous esp\u00e9rons que ce travail trouvera justification \u00e0 vos yeux.<\/em><\/p>\n<p><em>vous nous avez accueilli avec bienveillance dans votre service et permis de participer activement \u00e0 ses travaux.<\/em><\/p>\n<p><em>nous vous prions de trouver ici l&rsquo;expression de notre sinc\u00e8re reconnaissance.<\/em><\/p>\n<p>&nbsp;<\/p>\n<p>au Professeur J.P. MEYRUEIS<\/p>\n<ul>\n<li>Chirurgien des H\u00f4pitaux des Arm\u00e9es<\/li>\n<li>Professeur Agr\u00e9g\u00e9 des H\u00f4pitaux des Arm\u00e9es<\/li>\n<\/ul>\n<p><em>vous vous \u00eates int\u00e9ress\u00e9 \u00e0 notre travail d\u00e8s le d\u00e9but, vous nous avez guid\u00e9 dans son \u00e9laboration et fait b\u00e9n\u00e9ficier de vos conseils judicieux.<\/em><\/p>\n<p><em>nous vous prions de trouver ici l&rsquo;assurance de notre gratitude et de notre attachement.<\/em><\/p>\n<hr \/>\n<p>\u00e0 nos Juges<\/p>\n<ul>\n<li>Monsieur le Professeur Ch. WON\u00c9\n<ul>\n<li>Professeur sans chaire de N\u00e9phrologie<\/li>\n<li>M\u00e9decin des H\u00f4pitaux<\/li>\n<\/ul>\n<\/li>\n<\/ul>\n<ul>\n<li>Monsieur le Professeur Agr\u00e9g\u00e9 J. S\u00c9N\u00c9GAS\n<ul>\n<li>Chirurgien des H\u00f4pitaux<\/li>\n<li>Maitre de conf\u00e9rence Agr\u00e9g\u00e9 de Chirurgie<\/li>\n<li>Anatomie et Organog\u00e9n\u00e8se<\/li>\n<\/ul>\n<\/li>\n<\/ul>\n<ul>\n<li>Monsieur le Professeur A.J.M. GOUMAIN\n<ul>\n<li>Chef de Service<\/li>\n<li>Chirurgien des H\u00f4pitaux<\/li>\n<\/ul>\n<\/li>\n<\/ul>\n<p>&nbsp;<\/p>\n<p><em>vous avez bien voulu t\u00e9moigner de l&rsquo;int\u00e9r\u00eat pour notre travail en acceptant de si\u00e8ger \u00e0 notre jury<\/em><\/p>\n<p><em>nous vous prions de trouver ici l&rsquo;assurance de notre profond respect.<\/em><\/p>\n<hr \/>\n<p>\u00e0 notre Pr\u00e9sident de Th\u00e8se<\/p>\n<p>Monsieur le Professeur R. GENESTE<\/p>\n<ul>\n<li>Professeur Titulaire de la Clinique Chirurgicale Orthop\u00e9dique et Traumatologique.<\/li>\n<li>Chef de Service<\/li>\n<li>Chirurgien des H\u00f4pitaux<\/li>\n<\/ul>\n<p>&nbsp;<\/p>\n<p><em>vous nous faites le tr\u00e8s grand honneur d&rsquo;accepter la pr\u00e9sidence de notre th\u00e8se.<\/em><\/p>\n<p><em>qu&rsquo;il nous soit permis de vous exprimer notre respectueuse admiration et l&rsquo;assurance de notre sinc\u00e8re reconnaissance.<\/em><\/p>\n<hr \/>\n<p><a title=\"Iconographie\" href=\"https:\/\/mboudry.fr\/thesewp2\/iconographie\/generalites\/\"><strong>Page suivante<\/strong><\/a><br \/>\n<a title=\"Le fil d\u2019acier avec harpon ou Barb-Wire\" href=\"http:\/\/mboudry.fr\/thesewp2\/couverture\"><strong>Page pr\u00e9c\u00e9dente<\/strong><\/a><br \/>\n<a title=\"Plan\" href=\"http:\/\/mboudry.fr\/thesewp2\/plan\"><strong>Plan du document<\/strong><\/a><\/p>\n<p>&nbsp;<\/p>\n","protected":false},"excerpt":{"rendered":"<p>\u00e0 ma femme Joal \u00e0 ma fille Emmanuelle \u00e0 ma fille Caroline \u00e0 ma M\u00e8re \u00e0 mon P\u00e8re \u00e0 ma Soeur \u00e0 mes Beaux-parents \u00e0 nos deux Familles \u00e0 mes Camarades d&rsquo;\u00e9tudes \u00e0 mes Amis \u00e0 Monsieur S. LHOMME vous avez permis, en mettant \u00e0 notre disposition les moyens mat\u00e9riels, l&rsquo;impression de cette th\u00e8se. veuillez &hellip; <\/p>\n<p class=\"link-more\"><a href=\"https:\/\/mboudry.fr\/thesewp2\/dedicace-2\/dedicace\/\" class=\"more-link\">Continuer la lecture<span class=\"screen-reader-text\"> de &laquo;&nbsp;D\u00e9dicace&nbsp;&raquo;<\/span><\/a><\/p>\n","protected":false},"author":1,"featured_media":0,"parent":157,"menu_order":0,"comment_status":"open","ping_status":"open","template":"","meta":{"footnotes":""},"class_list":["post-33","page","type-page","status-publish","hentry"],"_links":{"self":[{"href":"https:\/\/mboudry.fr\/thesewp2\/wp-json\/wp\/v2\/pages\/33","targetHints":{"allow":["GET"]}}],"collection":[{"href":"https:\/\/mboudry.fr\/thesewp2\/wp-json\/wp\/v2\/pages"}],"about":[{"href":"https:\/\/mboudry.fr\/thesewp2\/wp-json\/wp\/v2\/types\/page"}],"author":[{"embeddable":true,"href":"https:\/\/mboudry.fr\/thesewp2\/wp-json\/wp\/v2\/users\/1"}],"replies":[{"embeddable":true,"href":"https:\/\/mboudry.fr\/thesewp2\/wp-json\/wp\/v2\/comments?post=33"}],"version-history":[{"count":4,"href":"https:\/\/mboudry.fr\/thesewp2\/wp-json\/wp\/v2\/pages\/33\/revisions"}],"predecessor-version":[{"id":566,"href":"https:\/\/mboudry.fr\/thesewp2\/wp-json\/wp\/v2\/pages\/33\/revisions\/566"}],"up":[{"embeddable":true,"href":"https:\/\/mboudry.fr\/thesewp2\/wp-json\/wp\/v2\/pages\/157"}],"wp:attachment":[{"href":"https:\/\/mboudry.fr\/thesewp2\/wp-json\/wp\/v2\/media?parent=33"}],"curies":[{"name":"wp","href":"https:\/\/api.w.org\/{rel}","templated":true}]}}