{"id":97,"date":"2014-11-29T15:25:22","date_gmt":"2014-11-29T14:25:22","guid":{"rendered":"http:\/\/mboudry.wordpress.com\/?page_id=97"},"modified":"2019-08-18T10:37:41","modified_gmt":"2019-08-18T08:37:41","slug":"emploi-du-sn-13-generalites","status":"publish","type":"page","link":"https:\/\/mboudry.fr\/thesewp2\/emploi-du-sn13\/emploi-du-sn-13-generalites\/","title":{"rendered":"Emploi du SN 13 : G\u00e9n\u00e9ralit\u00e9s"},"content":{"rendered":"<p>Nous envisagerons successivement la pose et la d\u00e9pose du SN 13 des laboratoires ETHICON.<\/p>\n<p>Elles seront \u00e9clair\u00e9es par les illustrations que nous avons r\u00e9alis\u00e9es \u00e0 l&rsquo; Amphith\u00e9atre de l&rsquo;H\u00f4pital d&rsquo;Instruction des Arm\u00e9es Sainte Anne de TOULON.<\/p>\n<p>On note qu&rsquo;une exposition tr\u00e8s large du champ (non n\u00e9cessaire in vivo) a \u00e9t\u00e9 recherch\u00e9e.<\/p>\n<hr \/>\n<p>&nbsp;<\/p>\n<p><a title=\"Emploi du SN 13 : Pose\" href=\"https:\/\/mboudry.fr\/thesewp2\/emploi-du-sn13\/emploi-du-sn-13-pose\/\">Page suivante<\/a><br \/>\n<a title=\"Le SN 13\" href=\"https:\/\/mboudry.fr\/thesewp2\/description-du-materiel\/le-sn-13\/\">Page pr\u00e9c\u00e9dente<\/a><br \/>\n<a title=\"Plan\" href=\"http:\/\/mboudry.fr\/thesewp\/?page_id=27\">Plan du document<\/a><\/p>\n","protected":false},"excerpt":{"rendered":"<p>Nous envisagerons successivement la pose et la d\u00e9pose du SN 13 des laboratoires ETHICON. Elles seront \u00e9clair\u00e9es par les illustrations que nous avons r\u00e9alis\u00e9es \u00e0 l&rsquo; Amphith\u00e9atre de l&rsquo;H\u00f4pital d&rsquo;Instruction des Arm\u00e9es Sainte Anne de TOULON. On note qu&rsquo;une exposition tr\u00e8s large du champ (non n\u00e9cessaire in vivo) a \u00e9t\u00e9 recherch\u00e9e. &nbsp; Page suivante Page &hellip; <\/p>\n<p class=\"link-more\"><a href=\"https:\/\/mboudry.fr\/thesewp2\/emploi-du-sn13\/emploi-du-sn-13-generalites\/\" class=\"more-link\">Continuer la lecture<span class=\"screen-reader-text\"> de &laquo;&nbsp;Emploi du SN 13 : G\u00e9n\u00e9ralit\u00e9s&nbsp;&raquo;<\/span><\/a><\/p>\n","protected":false},"author":1,"featured_media":0,"parent":11,"menu_order":0,"comment_status":"open","ping_status":"open","template":"","meta":{"footnotes":""},"class_list":["post-97","page","type-page","status-publish","hentry"],"_links":{"self":[{"href":"https:\/\/mboudry.fr\/thesewp2\/wp-json\/wp\/v2\/pages\/97","targetHints":{"allow":["GET"]}}],"collection":[{"href":"https:\/\/mboudry.fr\/thesewp2\/wp-json\/wp\/v2\/pages"}],"about":[{"href":"https:\/\/mboudry.fr\/thesewp2\/wp-json\/wp\/v2\/types\/page"}],"author":[{"embeddable":true,"href":"https:\/\/mboudry.fr\/thesewp2\/wp-json\/wp\/v2\/users\/1"}],"replies":[{"embeddable":true,"href":"https:\/\/mboudry.fr\/thesewp2\/wp-json\/wp\/v2\/comments?post=97"}],"version-history":[{"count":2,"href":"https:\/\/mboudry.fr\/thesewp2\/wp-json\/wp\/v2\/pages\/97\/revisions"}],"predecessor-version":[{"id":425,"href":"https:\/\/mboudry.fr\/thesewp2\/wp-json\/wp\/v2\/pages\/97\/revisions\/425"}],"up":[{"embeddable":true,"href":"https:\/\/mboudry.fr\/thesewp2\/wp-json\/wp\/v2\/pages\/11"}],"wp:attachment":[{"href":"https:\/\/mboudry.fr\/thesewp2\/wp-json\/wp\/v2\/media?parent=97"}],"curies":[{"name":"wp","href":"https:\/\/api.w.org\/{rel}","templated":true}]}}